0 = 3*d + 4*h. What is the units digit of d?
2
Let o(t) = 2*t - 11. Let h(i) = 3*i - 10. Suppose 4*y - 4*z - 7 = y, -2*z = 8. Let a(w) = y*h(w) + 2*o(w). What is the units digit of a(-5)?
3
Suppose -6*b - 7 = 11. What is the units digit of 5*18 - (3 + b)/(-3)?
0
What is the hundreds digit of (-8)/16 + 1690/4?
4
Let l(h) = -h**2 - 5*h - 1. Let p(t) = 3*t**3 - 2*t - 1. Let i be p(-1). Let z = i + 0. What is the units digit of l(z)?
5
Let p = -1267 + 6049. What is the hundreds digit of p?
7
Suppose -5*q + 2*q - 2 = -4*h, -5*h + 14 = 2*q. Suppose h*r + 3*r - 460 = 0. Suppose -3*f = f - r. What is the units digit of f?
3
Let u(n) = n**3 - 2*n + 2. Let l be u(2). Let j(a) be the third derivative of 7*a**4/24 - 5*a**3/6 + 16*a**2. What is the units digit of j(l)?
7
Let u = 20 + -20. What is the tens digit of (-20)/((-4)/8 - u)?
4
What is the hundreds digit of (1/(2/(-4092)))/(710/(-1065))?
0
Suppose 0 = a - 1164 + 10. What is the units digit of a?
4
Let v be (-6)/(-27) + (-112)/(-63). Suppose y - 2 = -2*n - 3, 4*y = -v*n + 14. What is the units digit of y?
5
Suppose 4*v - 34 = 14. What is the tens digit of (v/39)/2 - (-1344)/52?
2
Let l(c) = 21*c**3 - 5*c**2 + 7*c - 1. Let y = -53 - -55. What is the hundreds digit of l(y)?
1
Let q = -13 + 21. Suppose 0 = -4*a + 52 + q. Let u = 40 - a. What is the tens digit of u?
2
Suppose 13*a - 7652 = 2163. What is the tens digit of a?
5
Let w be 1*1/(-2 - (-33)/15). Let l(t) = 31*t - 36. What is the hundreds digit of l(w)?
1
Suppose 2*m = m + 5. Let q(v) = 35 - 116 + 37 + 40 + v. What is the units digit of q(m)?
1
Suppose -179*z + 181*z - 498 = 0. What is the units digit of z?
9
Let d = -116 + 283. What is the units digit of d?
7
Suppose 4*c + 306 = 318, 5*a = -4*c + 9427. What is the hundreds digit of a?
8
Let g(a) = -1. Let z(j) = -j - 6. Let v(d) = 6*g(d) + z(d). Let p be v(-13). What is the units digit of 3/p - 0/(-6)?
3
Let o(i) = -217*i - 147. What is the hundreds digit of o(-6)?
1
Suppose -3*d - 2*x - 1 = 6, -3*d = -x - 8. Let n be 183/((-3)/(-3)) + d. What is the units digit of n/16 + (-2)/(-4)?
2
Suppose -3*s + 4 = -3*v - v, 4*v = -4. Suppose s = -n - 20 + 79. Let k = 105 - n. What is the tens digit of k?
4
Suppose 2 = -5*m - 3, -5*w + 26 = -m. Suppose 149 = 3*h - h - 5*z, w*z = 5*h - 365. What is the tens digit of h?
7
Let b(i) = -i**3 - 2*i**2 + 2*i + 1. Let r be b(-3). Suppose r = -3*l + 16. Suppose 1 = 4*a - 2*s - 1, 4*a - l*s = -4. What is the units digit of a?
2
Let a(c) = -9 + 3*c**2 - 10*c + 1 - 2*c**2. Suppose -4*l + 5*l + 13 = x, -x = -4*l - 19. What is the units digit of a(x)?
3
Suppose 0*v + v - 9 = 0. Suppose v = 3*l + 3. Suppose l*t = -3*t + 115. What is the tens digit of t?
2
Let o = 5804 - 1346. What is the thousands digit of o?
4
Let c(o) = -13*o**3 - 5*o**2 - 6*o + 4. Let v be c(-3). Suppose -v = -4*k + 184. What is the units digit of k?
8
Suppose -5*y + 5 = -15. Suppose 8*r + y*r = 876. What is the units digit of r?
3
Let y(k) = -k**3 + 8*k**2 + 4*k. Let j be y(4). Suppose 0 = 4*v + 4*p - j, 0 = -4*v + 2*p + 3*p + 125. Let s = v + 17. What is the tens digit of s?
4
Let z = -2957 + 5257. What is the thousands digit of z?
2
What is the tens digit of 363 + -5 - (-4)/(-4)?
5
What is the hundreds digit of (-2)/17 + 9/(1377/134046)?
8
Let q = 4460 + -3133. What is the tens digit of q?
2
Suppose -11 = -3*v + 2*p, 0*p = 4*v + 5*p - 30. Suppose 0*y + 45 = y + 3*f, 145 = v*y - f. What is the tens digit of y?
3
What is the thousands digit of ((-5)/5)/((-8)/15824)?
1
Let v(y) = -y**3 + 4*y + 2. Let r be v(-1). What is the tens digit of 2*(-6)/r + 3?
1
Let v = 389 + 3147. What is the thousands digit of v?
3
Suppose i = 3*h + 4, 2*h + 3*h - i = -4. Suppose -5*l = 3*w - 0*l - 679, -4*w + 5*l + 847 = h. What is the hundreds digit of w?
2
Suppose 4*a - 40 = -a. Suppose a*f + 162 = 11*f. What is the units digit of f?
4
Suppose 3*j - 30 = -2*j + 5*m, -j + 10 = -5*m. Suppose j*y - 167 = 2*g + 430, 114 = y + 5*g. What is the units digit of y?
9
Let a = 31 - 51. Suppose 36*l - 144 = 28*l. What is the units digit of (a/(-30))/(4/l)?
3
Suppose -5*z = 10, -3*y + 4*z = 3*z - 356. What is the hundreds digit of y?
1
Suppose 101 + 9 = -5*g. What is the tens digit of (-77 - -74)*(g - (1 + 0))?
6
Let b = -20 - -30. Let g = -5 + b. What is the tens digit of 225/5*3/g?
2
Let c(v) = 4*v**3 + 6*v**2 + 18*v - 107. What is the thousands digit of c(6)?
1
Let p(r) = -10*r - 9. Let l be p(4). What is the tens digit of (-3 + 1)*2 - l?
4
Let b = -39 + 64. Let q = b + -59. What is the units digit of (-1)/2*6 - q?
1
Suppose 2*s - 4*g = 2484, -2*g = 3*s - 4*g - 3730. What is the units digit of s?
4
Let t = -2131 + 8280. What is the hundreds digit of t?
1
Let a = -101 - -1984. What is the hundreds digit of a?
8
Let s(y) = 3003*y - 22. What is the thousands digit of s(1)?
2
Let p(h) = 7*h**2 + 16*h - 3. What is the units digit of p(-6)?
3
What is the units digit of 7480/24*3 + 8/4?
7
Suppose -x = -n + 3*x + 18, -3*x = -2*n + 51. Suppose i - n = -4. What is the tens digit of i?
2
Let v = 37 - -11. Let q = v - 28. What is the units digit of q?
0
Suppose -3*t + 8 + 11 = r, -2*r = -5*t + 17. Suppose t*u = -20, 3*l - 2*l = 2*u - 52. Let c = 92 + l. What is the tens digit of c?
3
Suppose 4*i + 3*h - 7059 = 0, -4*h + 3519 = 2*i + h. What is the tens digit of i?
6
Let x(s) = s**2 - s + 14. Let p(w) = -3*w**2 + 3*w - 41. Let j(y) = -4*p(y) - 11*x(y). What is the tens digit of j(6)?
4
Let l(n) = 3*n - 1. Let z be l(2). Let x = 0 - 0. Suppose 3*o - 16 = -v + 27, x = -o + z. What is the tens digit of v?
2
Let v(n) be the first derivative of n**3/3 + 3*n**2 - 14*n + 1. Let f be v(-8). Suppose -5*q - 1 = f*l, 7*l = 4*l - q + 5. What is the units digit of l?
2
Let f = -190 + 338. What is the hundreds digit of f?
1
What is the units digit of 5 + -12 - (-4 + 0) - -670?
7
Suppose -6*z + 6 = -4*z. Suppose -z*c + 33 = -180. What is the tens digit of c?
7
Let z be 10*((-24)/15)/(-4). What is the tens digit of 37 + z + -4 + 0?
3
Suppose w + b = 37, 4*w + 2*b - 41 - 117 = 0. Suppose w = 4*h - 10. What is the units digit of h?
3
Suppose 0 = -5*t - 161 + 56. What is the tens digit of 128/7 - 2 - (-6)/t?
1
Suppose -323 = -3*d + 463. Suppose 0 = 4*r - d + 58. What is the units digit of r?
1
Suppose -2*m = -t - 0*m + 182, -2*m = t - 182. Suppose -z = -0*z + 3, 2*o + 2*z = t. Let n = -49 + o. What is the units digit of n?
5
Let v(b) = 3*b**2 - 2*b - 2. Let g = 9 + -7. What is the units digit of v(g)?
6
Let l(r) = 7*r**3 - 8*r**2 + 19*r - 2. What is the units digit of l(5)?
8
Let n(a) = a**3 - 13*a**2 + 12*a + 12. Let b be n(11). Let p = b - -145. What is the units digit of p?
7
Let n = 5 - 0. Suppose 0 = 5*g - 0 + n. What is the units digit of 1 + -4 + g + 14?
0
Let d(c) = -26*c + 1. Let p be (-2 + (-1 - 3))/2. What is the tens digit of d(p)?
7
Let n = -29 - -31. Suppose n*w + 5*w = 903. What is the units digit of w?
9
Let p be (-12)/(-10)*33000/90. Suppose -238 = -l - 5*t, -2*l + t = -t - p. What is the hundreds digit of l?
2
Let i be (124/155)/((-4)/(-10)). What is the tens digit of (5 - i) + (303 - 3)?
0
Suppose -b - 647 = 2*a - 5*a, -3*a + 5*b = -655. What is the units digit of (-1 - a/2)/((-12)/24)?
7
Suppose 7*w - w = 1398. Suppose -4*p + w = -187. What is the hundreds digit of p?
1
Let f(u) = 70*u**2 - 17*u + 64. What is the tens digit of f(3)?
4
What is the tens digit of 4803/4 - (-735)/588?
0
Let x be 7 - (12/(-9) + (-40)/(-12)). Suppose -3*w - x*v + 448 = 0, w = -w - 2*v + 300. What is the hundreds digit of w?
1
Let d be 4 + (1/1)/(-1). Suppose 0 = d*k - 276 - 27. What is the units digit of k?
1
Suppose -6336 = -4*x + 4*l, 4*l = -x - 697 + 2296. What is the thousands digit of x?
1
What is the hundreds digit of (508 - -1)/(10 + (-21 - -12))?
5
Let l(h) = -h**2 + 5*h - 6. Let k be l(0). Let f(x) = -x**3 - x**2 + 8*x + 14. What is the units digit of f(k)?
6
Let g(p) = p + 3. Let c be g(2). Suppose 5 = -0*i + c*i - 3*z, -4*z = 5*i - 40. What is the tens digit of (-133)/(-4) + (-1)/i?
3
Let f(z) = -z**3 - 19*z**2 + 19*z. Let b(y) = y**3 + 10*y**2 - 8*y + 13. Let m be b(-11). Let a be f(m). Suppose a = 2*q - 56. What is the tens digit of q?
3
Let c(d) = -5*d**2 - 2*d**3 + 13*d + d**3 + 1 + 18*d**2. Let q be c(14). Let t = 33 + q. What is the tens digit